{"id":61,"date":"2025-07-14T20:15:52","date_gmt":"2025-07-14T18:15:52","guid":{"rendered":"https:\/\/shala33montreuil.com\/?page_id=61"},"modified":"2025-09-01T22:41:07","modified_gmt":"2025-09-01T20:41:07","slug":"location","status":"publish","type":"page","link":"https:\/\/shala33montreuil.com\/index.php\/location\/","title":{"rendered":"Location"},"content":{"rendered":"\n<p>Situ\u00e9 au coeur de Montreuil, dans un environnement paisible, le Shala 33 est un loft lumineux compos\u00e9 d&rsquo;une <strong>salle de 90 m\u00b2<\/strong>. Il accueille diverses activit\u00e9s li\u00e9es au <strong>yoga, au bien-\u00eatre<\/strong> et au <strong>d\u00e9veloppement personnel<\/strong>.<\/p>\n\n\n\n<p>\u2665 Pens\u00e9 comme un v\u00e9ritable <strong>lieu d\u2019ancrage<\/strong>, l\u2019espace offre une atmosph\u00e8re <strong>\u00e9pur\u00e9e, calme et inspirante<\/strong>, id\u00e9ale pour les pratiques collectives, ateliers, stages, formations ou retraites urbaines.<\/p>\n\n\n\n<figure class=\"wp-block-gallery has-nested-images columns-default is-cropped wp-block-gallery-1 is-layout-flex wp-block-gallery-is-layout-flex\">\n<figure class=\"wp-block-image size-large\"><a href=\"https:\/\/shala33montreuil.com\/wp-content\/uploads\/2025\/07\/shala1.jpg\"><img loading=\"lazy\" decoding=\"async\" width=\"800\" height=\"533\" data-id=\"163\" src=\"https:\/\/shala33montreuil.com\/wp-content\/uploads\/2025\/07\/shala1.jpg\" alt=\"\" class=\"wp-image-163\" srcset=\"https:\/\/shala33montreuil.com\/wp-content\/uploads\/2025\/07\/shala1.jpg 800w, https:\/\/shala33montreuil.com\/wp-content\/uploads\/2025\/07\/shala1-300x200.jpg 300w, https:\/\/shala33montreuil.com\/wp-content\/uploads\/2025\/07\/shala1-768x512.jpg 768w\" sizes=\"auto, (max-width: 800px) 100vw, 800px\" \/><\/a><\/figure>\n\n\n\n<figure class=\"wp-block-image size-large\"><a href=\"https:\/\/shala33montreuil.com\/wp-content\/uploads\/2025\/07\/shala2.jpg\"><img loading=\"lazy\" decoding=\"async\" width=\"800\" height=\"533\" data-id=\"164\" src=\"https:\/\/shala33montreuil.com\/wp-content\/uploads\/2025\/07\/shala2.jpg\" alt=\"\" class=\"wp-image-164\" srcset=\"https:\/\/shala33montreuil.com\/wp-content\/uploads\/2025\/07\/shala2.jpg 800w, https:\/\/shala33montreuil.com\/wp-content\/uploads\/2025\/07\/shala2-300x200.jpg 300w, https:\/\/shala33montreuil.com\/wp-content\/uploads\/2025\/07\/shala2-768x512.jpg 768w\" sizes=\"auto, (max-width: 800px) 100vw, 800px\" \/><\/a><\/figure>\n\n\n\n<figure class=\"wp-block-image size-large\"><a href=\"https:\/\/shala33montreuil.com\/wp-content\/uploads\/2025\/07\/shala3.jpg\"><img loading=\"lazy\" decoding=\"async\" width=\"800\" height=\"533\" data-id=\"171\" src=\"https:\/\/shala33montreuil.com\/wp-content\/uploads\/2025\/07\/shala3.jpg\" alt=\"\" class=\"wp-image-171\" srcset=\"https:\/\/shala33montreuil.com\/wp-content\/uploads\/2025\/07\/shala3.jpg 800w, https:\/\/shala33montreuil.com\/wp-content\/uploads\/2025\/07\/shala3-300x200.jpg 300w, https:\/\/shala33montreuil.com\/wp-content\/uploads\/2025\/07\/shala3-768x512.jpg 768w\" sizes=\"auto, (max-width: 800px) 100vw, 800px\" \/><\/a><\/figure>\n\n\n\n<figure class=\"wp-block-image size-large\"><a href=\"https:\/\/shala33montreuil.com\/wp-content\/uploads\/2025\/07\/shala4.jpg\"><img decoding=\"async\" data-id=\"166\" src=\"https:\/\/shala33montreuil.com\/wp-content\/uploads\/2025\/07\/shala4.jpg\" alt=\"\" class=\"wp-image-166\"\/><\/a><\/figure>\n\n\n\n<figure class=\"wp-block-image size-large\"><a href=\"https:\/\/shala33montreuil.com\/wp-content\/uploads\/2025\/07\/shala5.jpg\"><img loading=\"lazy\" decoding=\"async\" width=\"800\" height=\"533\" data-id=\"165\" src=\"https:\/\/shala33montreuil.com\/wp-content\/uploads\/2025\/07\/shala5.jpg\" alt=\"\" class=\"wp-image-165\" srcset=\"https:\/\/shala33montreuil.com\/wp-content\/uploads\/2025\/07\/shala5.jpg 800w, https:\/\/shala33montreuil.com\/wp-content\/uploads\/2025\/07\/shala5-300x200.jpg 300w, https:\/\/shala33montreuil.com\/wp-content\/uploads\/2025\/07\/shala5-768x512.jpg 768w\" sizes=\"auto, (max-width: 800px) 100vw, 800px\" \/><\/a><\/figure>\n\n\n\n<figure class=\"wp-block-image size-large\"><a href=\"https:\/\/shala33montreuil.com\/wp-content\/uploads\/2025\/07\/shala6.jpg\"><img loading=\"lazy\" decoding=\"async\" width=\"800\" height=\"533\" data-id=\"170\" src=\"https:\/\/shala33montreuil.com\/wp-content\/uploads\/2025\/07\/shala6.jpg\" alt=\"\" class=\"wp-image-170\" srcset=\"https:\/\/shala33montreuil.com\/wp-content\/uploads\/2025\/07\/shala6.jpg 800w, https:\/\/shala33montreuil.com\/wp-content\/uploads\/2025\/07\/shala6-300x200.jpg 300w, https:\/\/shala33montreuil.com\/wp-content\/uploads\/2025\/07\/shala6-768x512.jpg 768w\" sizes=\"auto, (max-width: 800px) 100vw, 800px\" \/><\/a><\/figure>\n\n\n\n<figure class=\"wp-block-image size-large\"><a href=\"https:\/\/shala33montreuil.com\/wp-content\/uploads\/2025\/07\/shala7.jpg\"><img loading=\"lazy\" decoding=\"async\" width=\"800\" height=\"533\" data-id=\"172\" src=\"https:\/\/shala33montreuil.com\/wp-content\/uploads\/2025\/07\/shala7.jpg\" alt=\"\" class=\"wp-image-172\" srcset=\"https:\/\/shala33montreuil.com\/wp-content\/uploads\/2025\/07\/shala7.jpg 800w, https:\/\/shala33montreuil.com\/wp-content\/uploads\/2025\/07\/shala7-300x200.jpg 300w, https:\/\/shala33montreuil.com\/wp-content\/uploads\/2025\/07\/shala7-768x512.jpg 768w\" sizes=\"auto, (max-width: 800px) 100vw, 800px\" \/><\/a><\/figure>\n\n\n\n<figure class=\"wp-block-image size-large\"><a href=\"https:\/\/shala33montreuil.com\/wp-content\/uploads\/2025\/07\/shala8.jpg\"><img loading=\"lazy\" decoding=\"async\" width=\"800\" height=\"533\" data-id=\"168\" src=\"https:\/\/shala33montreuil.com\/wp-content\/uploads\/2025\/07\/shala8.jpg\" alt=\"\" class=\"wp-image-168\" srcset=\"https:\/\/shala33montreuil.com\/wp-content\/uploads\/2025\/07\/shala8.jpg 800w, https:\/\/shala33montreuil.com\/wp-content\/uploads\/2025\/07\/shala8-300x200.jpg 300w, https:\/\/shala33montreuil.com\/wp-content\/uploads\/2025\/07\/shala8-768x512.jpg 768w\" sizes=\"auto, (max-width: 800px) 100vw, 800px\" \/><\/a><\/figure>\n\n\n\n<figure class=\"wp-block-image size-large\"><a href=\"https:\/\/shala33montreuil.com\/wp-content\/uploads\/2025\/07\/shala9.jpg\"><img loading=\"lazy\" decoding=\"async\" width=\"800\" height=\"533\" data-id=\"169\" src=\"https:\/\/shala33montreuil.com\/wp-content\/uploads\/2025\/07\/shala9.jpg\" alt=\"\" class=\"wp-image-169\" srcset=\"https:\/\/shala33montreuil.com\/wp-content\/uploads\/2025\/07\/shala9.jpg 800w, https:\/\/shala33montreuil.com\/wp-content\/uploads\/2025\/07\/shala9-300x200.jpg 300w, https:\/\/shala33montreuil.com\/wp-content\/uploads\/2025\/07\/shala9-768x512.jpg 768w\" sizes=\"auto, (max-width: 800px) 100vw, 800px\" \/><\/a><\/figure>\n\n\n\n<figure class=\"wp-block-image size-large\"><a href=\"https:\/\/shala33montreuil.com\/wp-content\/uploads\/2025\/07\/shala10.jpg\"><img loading=\"lazy\" decoding=\"async\" width=\"800\" height=\"533\" data-id=\"167\" src=\"https:\/\/shala33montreuil.com\/wp-content\/uploads\/2025\/07\/shala10.jpg\" alt=\"\" class=\"wp-image-167\" srcset=\"https:\/\/shala33montreuil.com\/wp-content\/uploads\/2025\/07\/shala10.jpg 800w, https:\/\/shala33montreuil.com\/wp-content\/uploads\/2025\/07\/shala10-300x200.jpg 300w, https:\/\/shala33montreuil.com\/wp-content\/uploads\/2025\/07\/shala10-768x512.jpg 768w\" sizes=\"auto, (max-width: 800px) 100vw, 800px\" \/><\/a><\/figure>\n\n\n\n<figure class=\"wp-block-image size-large\"><a href=\"https:\/\/shala33montreuil.com\/wp-content\/uploads\/2025\/07\/shala11.jpg\"><img loading=\"lazy\" decoding=\"async\" width=\"800\" height=\"533\" data-id=\"175\" src=\"https:\/\/shala33montreuil.com\/wp-content\/uploads\/2025\/07\/shala11.jpg\" alt=\"\" class=\"wp-image-175\" srcset=\"https:\/\/shala33montreuil.com\/wp-content\/uploads\/2025\/07\/shala11.jpg 800w, https:\/\/shala33montreuil.com\/wp-content\/uploads\/2025\/07\/shala11-300x200.jpg 300w, https:\/\/shala33montreuil.com\/wp-content\/uploads\/2025\/07\/shala11-768x512.jpg 768w\" sizes=\"auto, (max-width: 800px) 100vw, 800px\" \/><\/a><\/figure>\n\n\n\n<figure class=\"wp-block-image size-large\"><a href=\"https:\/\/shala33montreuil.com\/wp-content\/uploads\/2025\/07\/shala12.jpg\"><img loading=\"lazy\" decoding=\"async\" width=\"800\" height=\"534\" data-id=\"176\" src=\"https:\/\/shala33montreuil.com\/wp-content\/uploads\/2025\/07\/shala12.jpg\" alt=\"\" class=\"wp-image-176\" srcset=\"https:\/\/shala33montreuil.com\/wp-content\/uploads\/2025\/07\/shala12.jpg 800w, https:\/\/shala33montreuil.com\/wp-content\/uploads\/2025\/07\/shala12-300x200.jpg 300w, https:\/\/shala33montreuil.com\/wp-content\/uploads\/2025\/07\/shala12-768x513.jpg 768w\" sizes=\"auto, (max-width: 800px) 100vw, 800px\" \/><\/a><\/figure>\n<\/figure>\n\n\n\n<p class=\"has-medium-font-size\">Venez cr\u00e9er, transmettre et cultiver l\u2019essentiel dans un espace pens\u00e9 pour le bien-\u00eatre profond.<\/p>\n\n\n\n<p>\u25c6 <strong><span style=\"text-decoration: underline;\">Ce que nous mettons \u00e0 votre disposition :<\/span><\/strong><br>\u2013 Une salle spacieuse et lumineuse de 80 m\u00b2, \u00e9quip\u00e9e en mat\u00e9riel de yoga<br>\u2013 Un <strong>vestiaire<\/strong> mixte<br>\u2013 Un <strong>espace cuisine<\/strong> convivial pour les pauses et partages<br>\u2013 Un lieu propice \u00e0 l\u2019introspection, \u00e0 la circulation fluide et \u00e0 la concentration<\/p>\n\n\n\n<p>\u25c6 <strong>Location \u00e0 la demi-journ\u00e9e, journ\u00e9e ou au forfait r\u00e9gulier.<\/strong> <mark style=\"background-color:#febe10\" class=\"has-inline-color\"><strong>Pour les infos<\/strong> de tarif et disponibilit\u00e9, <strong><a href=\"https:\/\/shala33montreuil.com\/index.php\/contact\/\" data-type=\"page\" data-id=\"32\">contactez-nous ICI<\/a> !<\/strong><\/mark><\/p>\n\n\n\n<hr class=\"wp-block-separator has-alpha-channel-opacity\"\/>\n\n\n\n<p>Que vous soyez <strong>professeur de yoga, th\u00e9rapeute, coach ou facilitateur<\/strong>, ce lieu est le v\u00f4tre le temps d\u2019une pratique, d\u2019un week-end ou d\u2019un cycle.<\/p>\n\n\n\n<p><\/p>\n","protected":false},"excerpt":{"rendered":"<p>Situ\u00e9 au coeur de Montreuil, dans un environnement paisible, le Shala 33 est un loft lumineux compos\u00e9 d&rsquo;une salle de 90 m\u00b2. Il accueille diverses activit\u00e9s li\u00e9es au yoga, au [&hellip;]<\/p>\n","protected":false},"author":2,"featured_media":0,"parent":0,"menu_order":0,"comment_status":"closed","ping_status":"closed","template":"","meta":{"_EventAllDay":false,"_EventTimezone":"","_EventStartDate":"","_EventEndDate":"","_EventStartDateUTC":"","_EventEndDateUTC":"","_EventShowMap":false,"_EventShowMapLink":false,"_EventURL":"","_EventCost":"","_EventCostDescription":"","_EventCurrencySymbol":"","_EventCurrencyCode":"","_EventCurrencyPosition":"","_EventDateTimeSeparator":"","_EventTimeRangeSeparator":"","_EventOrganizerID":[],"_EventVenueID":[],"_OrganizerEmail":"","_OrganizerPhone":"","_OrganizerWebsite":"","_VenueAddress":"","_VenueCity":"","_VenueCountry":"","_VenueProvince":"","_VenueState":"","_VenueZip":"","_VenuePhone":"","_VenueURL":"","_VenueStateProvince":"","_VenueLat":"","_VenueLng":"","_VenueShowMap":false,"_VenueShowMapLink":false,"footnotes":""},"class_list":["post-61","page","type-page","status-publish","hentry"],"_links":{"self":[{"href":"https:\/\/shala33montreuil.com\/index.php\/wp-json\/wp\/v2\/pages\/61","targetHints":{"allow":["GET"]}}],"collection":[{"href":"https:\/\/shala33montreuil.com\/index.php\/wp-json\/wp\/v2\/pages"}],"about":[{"href":"https:\/\/shala33montreuil.com\/index.php\/wp-json\/wp\/v2\/types\/page"}],"author":[{"embeddable":true,"href":"https:\/\/shala33montreuil.com\/index.php\/wp-json\/wp\/v2\/users\/2"}],"replies":[{"embeddable":true,"href":"https:\/\/shala33montreuil.com\/index.php\/wp-json\/wp\/v2\/comments?post=61"}],"version-history":[{"count":23,"href":"https:\/\/shala33montreuil.com\/index.php\/wp-json\/wp\/v2\/pages\/61\/revisions"}],"predecessor-version":[{"id":351,"href":"https:\/\/shala33montreuil.com\/index.php\/wp-json\/wp\/v2\/pages\/61\/revisions\/351"}],"wp:attachment":[{"href":"https:\/\/shala33montreuil.com\/index.php\/wp-json\/wp\/v2\/media?parent=61"}],"curies":[{"name":"wp","href":"https:\/\/api.w.org\/{rel}","templated":true}]}}